{"id":949,"date":"2017-03-09T17:32:58","date_gmt":"2017-03-09T15:32:58","guid":{"rendered":"http:\/\/partinindibi.com\/?page_id=949"},"modified":"2017-04-10T12:11:36","modified_gmt":"2017-04-10T12:11:36","slug":"diger-hizmetlerimiz","status":"publish","type":"page","link":"https:\/\/www.avantgardemedya.com\/index.php\/tr\/hizmetlerimiz\/diger-hizmetlerimiz\/","title":{"rendered":"D\u0130\u011eER"},"content":{"rendered":"<p style=\"text-align: left;\">Medya yerelle\u015ftirmenin yan\u0131 s\u0131ra sundu\u011fumuz hizmetlerle yarat\u0131c\u0131 s\u0131n\u0131rlar\u0131m\u0131z\u0131 geni\u015fletmek i\u00e7in ek onlarak animasyon, multimedya, post prod\u00fcksiyon ve prod\u00fcksiyon olarak \u015fekillenmekte olan fikirlerinizi ger\u00e7e\u011fe d\u00f6n\u00fc\u015ft\u00fcrmek ad\u0131na ek projelere de her zaman a\u00e7\u0131\u011f\u0131z.<\/p>\n<p>B\u00fcnyemizde her daim haz\u0131r ve yeni projelere a\u00e7\u0131k prod\u00fcksiyon, animasyon ve post-prod\u00fcksiyon ekiplerimiz var.<\/p>\n<p>Tecr\u00fcbeli prod\u00fcksyon ekibimiz, ba\u015flang\u0131\u00e7 a\u015famas\u0131ndan post prod\u00fcksiyon a\u015famas\u0131na kadar her t\u00fcrl\u00fc reklam, fragman, web i\u00e7eri\u011fi, kurumsal tan\u0131t\u0131m filmleri, sunum ve e\u011fitim videolar\u0131 gibi projelerinizde her t\u00fcrl\u00fc hizmeti sunarlar.<\/p>\n<p>Yarat\u0131c\u0131 animasyon ekibimiz, projelerinizi en son teknoloji donan\u0131m ve yaz\u0131l\u0131mlar\u0131 kullanarak t\u00fcm motion graphics, modelleme, 2D ve 3D animasyon ihtiya\u00e7lar\u0131n\u0131z\u0131 kar\u015f\u0131layabilirler. Kurgu ve montaj projeleriniz i\u00e7in post-prod\u00fcksiyon ekibimiz genellikle Final Cut 7.0.3 ve Edius 6.5 Pro kullan\u0131rlar fakat her t\u00fcrl\u00fc kurgu donan\u0131ma sahiplerdir. HD CAM vtr ve Betacam vtr\u2019leri ile her t\u00fcrl\u00fc kaset bas\u0131m\u0131 yapabilirler.<\/p>\n<p>Sundu\u011fumuz ana hizmetlerden birinin dublaj olmas\u0131 sayesinde post-prod\u00fcksiyon hizmetlerimizin i\u00e7inde yer alan ses tasar\u0131m ve dizayn hizmetlerini de her ihtiyac\u0131n\u0131z\u0131 giderebilecek \u015fekilde sunuyoruz.<\/p>\n<p>Mevcut ses tasar\u0131m\u0131 servislerimiz:<\/p>\n<p>Reklam &#8211; Televizyon<\/p>\n<p>Reklam &#8211; Radyo<\/p>\n<p>Kurumsal Video<\/p>\n<p>Belgesel<\/p>\n<p>Animasyon<\/p>\n<p>E\u011fitim Mod\u00fclleri ve E-Kurslar\u0131<\/p>\n<p>Bilgisayar Oyunlar\u0131<\/p>\n<p>Web site\/\u0130nternet<\/p>\n<p>Sesli Kitap<\/p>\n<p>Santral Anons Seslendirme IVR<\/p>\n<p>Bizden destek istedi\u011finiz fikirleriniz var ise tek yapman\u0131z gereken bizimle <a href=\"http:\/\/www.avantgardemedya.com\/index.php\/iletisim\/\">ileti\u015fime ge\u00e7ip<\/a><em>\u00a0<\/em>akl\u0131n\u0131zdaki fikri bize iletmek olacakt\u0131r ve biz de onlar\u0131 ger\u00e7e\u011fe d\u00f6n\u00fc\u015ft\u00fcrmenize yard\u0131m etmek i\u00e7in elimizden geleni yapaca\u011f\u0131z.<\/p>\n<p>&nbsp;<\/p>\n<p>&nbsp;<\/p>\n<p>&nbsp;<\/p>\n<p>&nbsp;<\/p>\n<p>&nbsp;<\/p>\n<p>&nbsp;<\/p>\n","protected":false},"excerpt":{"rendered":"<p>Medya yerelle\u015ftirmenin yan\u0131 s\u0131ra sundu\u011fumuz hizmetlerle yarat\u0131c\u0131 s\u0131n\u0131rlar\u0131m\u0131z\u0131 geni\u015fletmek i\u00e7in ek onlarak animasyon, multimedya, post prod\u00fcksiyon ve prod\u00fcksiyon olarak \u015fekillenmekte olan fikirlerinizi ger\u00e7e\u011fe d\u00f6n\u00fc\u015ft\u00fcrmek ad\u0131na ek projelere de her zaman a\u00e7\u0131\u011f\u0131z. B\u00fcnyemizde her daim haz\u0131r ve yeni projelere a\u00e7\u0131k prod\u00fcksiyon, animasyon ve post-prod\u00fcksiyon ekiplerimiz var. Tecr\u00fcbeli prod\u00fcksyon ekibimiz, ba\u015flang\u0131\u00e7 a\u015famas\u0131ndan post prod\u00fcksiyon a\u015famas\u0131na kadar her [&hellip;]<\/p>\n","protected":false},"author":1,"featured_media":0,"parent":1151,"menu_order":6,"comment_status":"closed","ping_status":"closed","template":"","meta":[],"_links":{"self":[{"href":"https:\/\/www.avantgardemedya.com\/index.php\/wp-json\/wp\/v2\/pages\/949"}],"collection":[{"href":"https:\/\/www.avantgardemedya.com\/index.php\/wp-json\/wp\/v2\/pages"}],"about":[{"href":"https:\/\/www.avantgardemedya.com\/index.php\/wp-json\/wp\/v2\/types\/page"}],"author":[{"embeddable":true,"href":"https:\/\/www.avantgardemedya.com\/index.php\/wp-json\/wp\/v2\/users\/1"}],"replies":[{"embeddable":true,"href":"https:\/\/www.avantgardemedya.com\/index.php\/wp-json\/wp\/v2\/comments?post=949"}],"version-history":[{"count":3,"href":"https:\/\/www.avantgardemedya.com\/index.php\/wp-json\/wp\/v2\/pages\/949\/revisions"}],"predecessor-version":[{"id":2519,"href":"https:\/\/www.avantgardemedya.com\/index.php\/wp-json\/wp\/v2\/pages\/949\/revisions\/2519"}],"up":[{"embeddable":true,"href":"https:\/\/www.avantgardemedya.com\/index.php\/wp-json\/wp\/v2\/pages\/1151"}],"wp:attachment":[{"href":"https:\/\/www.avantgardemedya.com\/index.php\/wp-json\/wp\/v2\/media?parent=949"}],"curies":[{"name":"wp","href":"https:\/\/api.w.org\/{rel}","templated":true}]}}